{"id":55232,"date":"2021-12-29T13:53:44","date_gmt":"2021-12-29T16:53:44","guid":{"rendered":"https:\/\/tumarquito.com\/?product=import-placeholder-for-a-474-beach2-000000"},"modified":"2023-09-07T18:22:32","modified_gmt":"2023-09-07T21:22:32","slug":"474-beach-2","status":"publish","type":"product","link":"https:\/\/tumarquito.com\/?product=474-beach-2","title":{"rendered":"474 Beach 2"},"content":{"rendered":"<p>1 Marco   1 L\u00e1mina   1 Vidrio   1 Gancho<br \/>\nEn la descripci\u00f3n de color &#8220;Natural&#8221; pod\u00e9s elegir: 1) Madera al natural<br \/>\nEn la descripci\u00f3n de color &#8220;A Elecci\u00f3n&#8221; pod\u00e9s elegir: 1) Negro \u00f3 2) Blanco<br \/>\nbeige, good vibes, buenas, vibras, playa, beach, mar, agua, palmeras, vacaciones, summer, cielo, oceano, ola, olas, atardecer, palmeras, rocas, costa, barco, velero, piscina, mujer, hombre,<\/p>\n","protected":false},"excerpt":{"rendered":"<p>1 Marco   1 L\u00e1mina   1 Vidrio   1 Gancho<\/p>\n","protected":false},"featured_media":55184,"comment_status":"open","ping_status":"closed","template":"","meta":[],"class_list":{"0":"post-55232","1":"product","2":"type-product","3":"status-publish","4":"has-post-thumbnail","6":"product_cat-adultos","7":"product_cat-ciudadesyotros","8":"product_cat-todo","9":"product_tag-agua","10":"product_tag-atardecer","11":"product_tag-barco","12":"product_tag-beach","13":"product_tag-beige","14":"product_tag-buenas","15":"product_tag-cielo","16":"product_tag-costa","17":"product_tag-good-vibes","18":"product_tag-hombre","19":"product_tag-mar","20":"product_tag-mujer","21":"product_tag-oceano","22":"product_tag-ola","23":"product_tag-olas","24":"product_tag-palmeras","25":"product_tag-piscina","26":"product_tag-playa","27":"product_tag-rocas","28":"product_tag-summer","29":"product_tag-vacaciones","30":"product_tag-velero","31":"product_tag-vibras","33":"first","34":"instock","35":"featured","36":"shipping-taxable","37":"purchasable","38":"product-type-variable"},"_links":{"self":[{"href":"https:\/\/tumarquito.com\/index.php?rest_route=\/wp\/v2\/product\/55232","targetHints":{"allow":["GET"]}}],"collection":[{"href":"https:\/\/tumarquito.com\/index.php?rest_route=\/wp\/v2\/product"}],"about":[{"href":"https:\/\/tumarquito.com\/index.php?rest_route=\/wp\/v2\/types\/product"}],"replies":[{"embeddable":true,"href":"https:\/\/tumarquito.com\/index.php?rest_route=%2Fwp%2Fv2%2Fcomments&post=55232"}],"wp:featuredmedia":[{"embeddable":true,"href":"https:\/\/tumarquito.com\/index.php?rest_route=\/wp\/v2\/media\/55184"}],"wp:attachment":[{"href":"https:\/\/tumarquito.com\/index.php?rest_route=%2Fwp%2Fv2%2Fmedia&parent=55232"}],"curies":[{"name":"wp","href":"https:\/\/api.w.org\/{rel}","templated":true}]}}