{"id":54470,"date":"2021-10-29T13:50:32","date_gmt":"2021-10-29T16:50:32","guid":{"rendered":"https:\/\/tumarquito.com\/?product=import-placeholder-for-a-450-plumeros-000000"},"modified":"2023-09-07T18:20:10","modified_gmt":"2023-09-07T21:20:10","slug":"450-plumeros","status":"publish","type":"product","link":"https:\/\/tumarquito.com\/?product=450-plumeros","title":{"rendered":"450 Plumeros"},"content":{"rendered":"<p>1 Marco   1 L\u00e1mina   1 Vidrio   1 Gancho<br \/>\nEn la descripci\u00f3n de color &#8220;Natural&#8221; pod\u00e9s elegir: 1) Madera al natural<br \/>\nEn la descripci\u00f3n de color &#8220;A Elecci\u00f3n&#8221; pod\u00e9s elegir: 1) Negro \u00f3 2) Blanco<br \/>\nplumerillo, beige, good vibes, buenas, vibras, hojas, blanco, marron, seco<\/p>\n","protected":false},"excerpt":{"rendered":"<p>1 Marco   1 L\u00e1mina   1 Vidrio   1 Gancho<\/p>\n","protected":false},"featured_media":54457,"comment_status":"open","ping_status":"closed","template":"","meta":[],"class_list":{"0":"post-54470","1":"product","2":"type-product","3":"status-publish","4":"has-post-thumbnail","6":"product_cat-adultos","7":"product_cat-ciudadesyotros","8":"product_cat-todo","9":"product_tag-beige","10":"product_tag-blanco","11":"product_tag-buenas","12":"product_tag-good-vibes","13":"product_tag-hojas","14":"product_tag-marron","15":"product_tag-plumerillo","16":"product_tag-seco","17":"product_tag-vibras","19":"first","20":"instock","21":"featured","22":"shipping-taxable","23":"purchasable","24":"product-type-variable"},"_links":{"self":[{"href":"https:\/\/tumarquito.com\/index.php?rest_route=\/wp\/v2\/product\/54470","targetHints":{"allow":["GET"]}}],"collection":[{"href":"https:\/\/tumarquito.com\/index.php?rest_route=\/wp\/v2\/product"}],"about":[{"href":"https:\/\/tumarquito.com\/index.php?rest_route=\/wp\/v2\/types\/product"}],"replies":[{"embeddable":true,"href":"https:\/\/tumarquito.com\/index.php?rest_route=%2Fwp%2Fv2%2Fcomments&post=54470"}],"wp:featuredmedia":[{"embeddable":true,"href":"https:\/\/tumarquito.com\/index.php?rest_route=\/wp\/v2\/media\/54457"}],"wp:attachment":[{"href":"https:\/\/tumarquito.com\/index.php?rest_route=%2Fwp%2Fv2%2Fmedia&parent=54470"}],"curies":[{"name":"wp","href":"https:\/\/api.w.org\/{rel}","templated":true}]}}