{"id":54354,"date":"2021-10-15T15:46:43","date_gmt":"2021-10-15T18:46:43","guid":{"rendered":"https:\/\/tumarquito.com\/?product=import-placeholder-for-a-arte-bn16-000000"},"modified":"2023-09-07T12:38:58","modified_gmt":"2023-09-07T15:38:58","slug":"beige-y-negro-16","status":"publish","type":"product","link":"https:\/\/tumarquito.com\/?product=beige-y-negro-16","title":{"rendered":"Beige y Negro 16"},"content":{"rendered":"<p>1 Marco   1 L\u00e1mina   1 Vidrio   1 Gancho<br \/>\nEn la descripci\u00f3n de color &#8220;Natural&#8221; pod\u00e9s elegir: 1) Madera al natural<br \/>\nEn la descripci\u00f3n de color &#8220;A Elecci\u00f3n&#8221; pod\u00e9s elegir: 1) Negro \u00f3 2) Blanco<br \/>\narte, blanco, negro, figura, abstracto, curvas, recto, geometria, beige, boheme<\/p>\n","protected":false},"excerpt":{"rendered":"<p>1 Marco   1 L\u00e1mina   1 Vidrio   1 Gancho \/\/ Podes solicitar cambiar el color<\/p>\n","protected":false},"featured_media":54202,"comment_status":"open","ping_status":"closed","template":"","meta":[],"class_list":{"0":"post-54354","1":"product","2":"type-product","3":"status-publish","4":"has-post-thumbnail","6":"product_cat-adultos","7":"product_cat-arteyfotos","8":"product_cat-todo","9":"product_tag-abstracto","10":"product_tag-arte","11":"product_tag-beige","12":"product_tag-blanco","13":"product_tag-boheme","14":"product_tag-curvas","15":"product_tag-figura","16":"product_tag-geometria","17":"product_tag-negro","18":"product_tag-recto","20":"first","21":"instock","22":"shipping-taxable","23":"purchasable","24":"product-type-variable"},"_links":{"self":[{"href":"https:\/\/tumarquito.com\/index.php?rest_route=\/wp\/v2\/product\/54354","targetHints":{"allow":["GET"]}}],"collection":[{"href":"https:\/\/tumarquito.com\/index.php?rest_route=\/wp\/v2\/product"}],"about":[{"href":"https:\/\/tumarquito.com\/index.php?rest_route=\/wp\/v2\/types\/product"}],"replies":[{"embeddable":true,"href":"https:\/\/tumarquito.com\/index.php?rest_route=%2Fwp%2Fv2%2Fcomments&post=54354"}],"wp:featuredmedia":[{"embeddable":true,"href":"https:\/\/tumarquito.com\/index.php?rest_route=\/wp\/v2\/media\/54202"}],"wp:attachment":[{"href":"https:\/\/tumarquito.com\/index.php?rest_route=%2Fwp%2Fv2%2Fmedia&parent=54354"}],"curies":[{"name":"wp","href":"https:\/\/api.w.org\/{rel}","templated":true}]}}