{"id":52318,"date":"2021-07-24T19:19:58","date_gmt":"2021-07-24T22:19:58","guid":{"rendered":"https:\/\/tumarquito.com\/?product=import-placeholder-for-i-escan-casita2-000000"},"modified":"2023-09-07T22:14:29","modified_gmt":"2023-09-08T01:14:29","slug":"casita-2","status":"publish","type":"product","link":"https:\/\/tumarquito.com\/?product=casita-2","title":{"rendered":"Casita 2"},"content":{"rendered":"<p>1 Marco   1 L\u00e1mina   1 Vidrio   1 Gancho<br \/>\nEn la descripci\u00f3n de color &#8220;Natural&#8221; pod\u00e9s elegir: 1) Madera al natural<br \/>\nEn la descripci\u00f3n de color &#8220;A Elecci\u00f3n&#8221; pod\u00e9s elegir: 1) Negro \u00f3 2) Blanco<br \/>\nescandinavo, blanco, casa, casita, hogar, familia, nombres, beige, colores<\/p>\n","protected":false},"excerpt":{"rendered":"<p>1 Marco   1 L\u00e1mina   1 Vidrio   1 Gancho<br \/>\nPod\u00e9s solicitar cambiar los colores.<\/p>\n","protected":false},"featured_media":52277,"comment_status":"open","ping_status":"closed","template":"","meta":[],"class_list":{"0":"post-52318","1":"product","2":"type-product","3":"status-publish","4":"has-post-thumbnail","6":"product_cat-infantiles","7":"product_cat-escandinavos-infantiles","8":"product_cat-todo","9":"product_tag-beige","10":"product_tag-blanco","11":"product_tag-casa","12":"product_tag-casita","13":"product_tag-colores","14":"product_tag-escandinavo","15":"product_tag-familia","16":"product_tag-hogar","17":"product_tag-nombres","19":"first","20":"instock","21":"shipping-taxable","22":"purchasable","23":"product-type-variable"},"_links":{"self":[{"href":"https:\/\/tumarquito.com\/index.php?rest_route=\/wp\/v2\/product\/52318","targetHints":{"allow":["GET"]}}],"collection":[{"href":"https:\/\/tumarquito.com\/index.php?rest_route=\/wp\/v2\/product"}],"about":[{"href":"https:\/\/tumarquito.com\/index.php?rest_route=\/wp\/v2\/types\/product"}],"replies":[{"embeddable":true,"href":"https:\/\/tumarquito.com\/index.php?rest_route=%2Fwp%2Fv2%2Fcomments&post=52318"}],"wp:featuredmedia":[{"embeddable":true,"href":"https:\/\/tumarquito.com\/index.php?rest_route=\/wp\/v2\/media\/52277"}],"wp:attachment":[{"href":"https:\/\/tumarquito.com\/index.php?rest_route=%2Fwp%2Fv2%2Fmedia&parent=52318"}],"curies":[{"name":"wp","href":"https:\/\/api.w.org\/{rel}","templated":true}]}}