{"id":48447,"date":"2020-10-08T22:52:41","date_gmt":"2020-10-09T01:52:41","guid":{"rendered":"https:\/\/tumarquito.com\/?product=import-placeholder-for-a-yoga-signogris-000000"},"modified":"2023-09-07T21:32:40","modified_gmt":"2023-09-08T00:32:40","slug":"signo-gris","status":"publish","type":"product","link":"https:\/\/tumarquito.com\/?product=signo-gris","title":{"rendered":"Signo Gris"},"content":{"rendered":"<p>&#8220;1 Marco   1 L\u00e1mina   1 Vidrio   1 Gancho<br \/>\nEn la descripci\u00f3n de color &#8220;&#8221;Natural&#8221;&#8221; pod\u00e9s elegir: 1) Madera al natural<br \/>\nEn la descripci\u00f3n de color &#8220;&#8221;A Elecci\u00f3n&#8221;&#8221; pod\u00e9s elegir: 1) Negro \u00f3 2) Blanco&#8221;<br \/>\nsigno, signos, zodiaco, azul, estrellas, cielo, constelaciones, aries, tauro, geminis, cancer, leo, virgo, libra, escorpio, sagitario, capricornio, aquario, piscis, gris<br \/>\nPODES ELEGIR EL SIGNO QUE QUIERAS<\/p>\n","protected":false},"excerpt":{"rendered":"<p>1 Marco   1 L\u00e1mina   1 Vidrio   1 Gancho<\/p>\n","protected":false},"featured_media":48428,"comment_status":"open","ping_status":"closed","template":"","meta":[],"class_list":{"0":"post-48447","1":"product","2":"type-product","3":"status-publish","4":"has-post-thumbnail","6":"product_cat-adultos","7":"product_cat-budayyoga","8":"product_cat-todo","9":"product_tag-aquario","10":"product_tag-aries","11":"product_tag-azul","12":"product_tag-cancer","13":"product_tag-capricornio","14":"product_tag-cielo","15":"product_tag-constelaciones","16":"product_tag-escorpio","17":"product_tag-estrellas","18":"product_tag-geminis","19":"product_tag-gris","20":"product_tag-leo","21":"product_tag-libra","22":"product_tag-piscis","23":"product_tag-sagitario","24":"product_tag-signo","25":"product_tag-signos","26":"product_tag-tauro","27":"product_tag-virgo","28":"product_tag-zodiaco","30":"first","31":"instock","32":"shipping-taxable","33":"purchasable","34":"product-type-variable"},"_links":{"self":[{"href":"https:\/\/tumarquito.com\/index.php?rest_route=\/wp\/v2\/product\/48447","targetHints":{"allow":["GET"]}}],"collection":[{"href":"https:\/\/tumarquito.com\/index.php?rest_route=\/wp\/v2\/product"}],"about":[{"href":"https:\/\/tumarquito.com\/index.php?rest_route=\/wp\/v2\/types\/product"}],"replies":[{"embeddable":true,"href":"https:\/\/tumarquito.com\/index.php?rest_route=%2Fwp%2Fv2%2Fcomments&post=48447"}],"wp:featuredmedia":[{"embeddable":true,"href":"https:\/\/tumarquito.com\/index.php?rest_route=\/wp\/v2\/media\/48428"}],"wp:attachment":[{"href":"https:\/\/tumarquito.com\/index.php?rest_route=%2Fwp%2Fv2%2Fmedia&parent=48447"}],"curies":[{"name":"wp","href":"https:\/\/api.w.org\/{rel}","templated":true}]}}