{"id":45411,"date":"2020-07-26T12:28:20","date_gmt":"2020-07-26T15:28:20","guid":{"rendered":"https:\/\/tumarquito.com\/?product=import-placeholder-for-i-ani-anirabbit4-000000"},"modified":"2023-09-07T22:09:09","modified_gmt":"2023-09-08T01:09:09","slug":"animales-rabbit-4","status":"publish","type":"product","link":"https:\/\/tumarquito.com\/?product=animales-rabbit-4","title":{"rendered":"Animales Rabbit 4"},"content":{"rendered":"<p>1 Marco   1 L\u00e1mina   1 Vidrio   1 Gancho<br \/>\nEn la descripci\u00f3n de color &#8220;Natural&#8221; pod\u00e9s elegir: 1) Madera al natural<br \/>\nEn la descripci\u00f3n de color &#8220;A Elecci\u00f3n&#8221; pod\u00e9s elegir: 1) Negro \u00f3 2) Blanco<br \/>\nanimales, animalitos, beba, bebe, rosa, celeste, conejo, conejito, gris, anteojos<\/p>\n","protected":false},"excerpt":{"rendered":"<p>1 Marco   1 L\u00e1mina   1 Vidrio   1 Gancho<\/p>\n","protected":false},"featured_media":45349,"comment_status":"open","ping_status":"closed","template":"","meta":[],"class_list":{"0":"post-45411","1":"product","2":"type-product","3":"status-publish","4":"has-post-thumbnail","6":"product_cat-infantiles","7":"product_cat-animalesynaturaleza-infantiles","8":"product_cat-todo","9":"product_tag-animales","10":"product_tag-animalitos","11":"product_tag-anteojos","12":"product_tag-beba","13":"product_tag-bebe","14":"product_tag-celeste","15":"product_tag-conejito","16":"product_tag-conejo","17":"product_tag-gris","18":"product_tag-rosa","20":"first","21":"instock","22":"featured","23":"shipping-taxable","24":"purchasable","25":"product-type-variable"},"_links":{"self":[{"href":"https:\/\/tumarquito.com\/index.php?rest_route=\/wp\/v2\/product\/45411","targetHints":{"allow":["GET"]}}],"collection":[{"href":"https:\/\/tumarquito.com\/index.php?rest_route=\/wp\/v2\/product"}],"about":[{"href":"https:\/\/tumarquito.com\/index.php?rest_route=\/wp\/v2\/types\/product"}],"replies":[{"embeddable":true,"href":"https:\/\/tumarquito.com\/index.php?rest_route=%2Fwp%2Fv2%2Fcomments&post=45411"}],"wp:featuredmedia":[{"embeddable":true,"href":"https:\/\/tumarquito.com\/index.php?rest_route=\/wp\/v2\/media\/45349"}],"wp:attachment":[{"href":"https:\/\/tumarquito.com\/index.php?rest_route=%2Fwp%2Fv2%2Fmedia&parent=45411"}],"curies":[{"name":"wp","href":"https:\/\/api.w.org\/{rel}","templated":true}]}}