{"id":45351,"date":"2020-07-26T12:27:57","date_gmt":"2020-07-26T15:27:57","guid":{"rendered":"https:\/\/tumarquito.com\/?product=import-placeholder-for-i-ani-anirabbit1-000000"},"modified":"2023-09-07T22:08:59","modified_gmt":"2023-09-08T01:08:59","slug":"animales-rabbit-1","status":"publish","type":"product","link":"https:\/\/tumarquito.com\/?product=animales-rabbit-1","title":{"rendered":"Animales Rabbit 1"},"content":{"rendered":"<p>1 Marco   1 L\u00e1mina   1 Vidrio   1 Gancho<br \/>\nEn la descripci\u00f3n de color &#8220;Natural&#8221; pod\u00e9s elegir: 1) Madera al natural<br \/>\nEn la descripci\u00f3n de color &#8220;A Elecci\u00f3n&#8221; pod\u00e9s elegir: 1) Negro \u00f3 2) Blanco<br \/>\nconejo, rabbit, gris, flores, frente, cara, orejas<\/p>\n","protected":false},"excerpt":{"rendered":"<p>1 Marco   1 L\u00e1mina   1 Vidrio   1 Gancho<\/p>\n","protected":false},"featured_media":45346,"comment_status":"open","ping_status":"closed","template":"","meta":[],"class_list":{"0":"post-45351","1":"product","2":"type-product","3":"status-publish","4":"has-post-thumbnail","6":"product_cat-infantiles","7":"product_cat-animalesynaturaleza-infantiles","8":"product_cat-todo","9":"product_tag-cara","10":"product_tag-conejo","11":"product_tag-flores","12":"product_tag-frente","13":"product_tag-gris","14":"product_tag-orejas","15":"product_tag-rabbit","17":"first","18":"instock","19":"featured","20":"shipping-taxable","21":"purchasable","22":"product-type-variable"},"_links":{"self":[{"href":"https:\/\/tumarquito.com\/index.php?rest_route=\/wp\/v2\/product\/45351","targetHints":{"allow":["GET"]}}],"collection":[{"href":"https:\/\/tumarquito.com\/index.php?rest_route=\/wp\/v2\/product"}],"about":[{"href":"https:\/\/tumarquito.com\/index.php?rest_route=\/wp\/v2\/types\/product"}],"replies":[{"embeddable":true,"href":"https:\/\/tumarquito.com\/index.php?rest_route=%2Fwp%2Fv2%2Fcomments&post=45351"}],"wp:featuredmedia":[{"embeddable":true,"href":"https:\/\/tumarquito.com\/index.php?rest_route=\/wp\/v2\/media\/45346"}],"wp:attachment":[{"href":"https:\/\/tumarquito.com\/index.php?rest_route=%2Fwp%2Fv2%2Fmedia&parent=45351"}],"curies":[{"name":"wp","href":"https:\/\/api.w.org\/{rel}","templated":true}]}}