{"id":45148,"date":"2020-07-26T12:15:49","date_gmt":"2020-07-26T15:15:49","guid":{"rendered":"https:\/\/tumarquito.com\/?product=import-placeholder-for-i-ani-anibaby6-000000"},"modified":"2023-09-07T21:34:20","modified_gmt":"2023-09-08T00:34:20","slug":"animales-baby-6","status":"publish","type":"product","link":"https:\/\/tumarquito.com\/?product=animales-baby-6","title":{"rendered":"Animales Baby 6"},"content":{"rendered":"<p>1 Marco   1 L\u00e1mina   1 Vidrio   1 Gancho<br \/>\nEn la descripci\u00f3n de color &#8220;Natural&#8221; pod\u00e9s elegir: 1) Madera al natural<br \/>\nEn la descripci\u00f3n de color &#8220;A Elecci\u00f3n&#8221; pod\u00e9s elegir: 1) Negro \u00f3 2) Blanco<br \/>\nanimales, animalitos, beba, bebe, ardilla, caracola, marron, hojas, oto\u00f1o, amarillo<\/p>\n","protected":false},"excerpt":{"rendered":"<p>1 Marco   1 L\u00e1mina   1 Vidrio   1 Gancho<\/p>\n","protected":false},"featured_media":45085,"comment_status":"open","ping_status":"closed","template":"","meta":[],"class_list":{"0":"post-45148","1":"product","2":"type-product","3":"status-publish","4":"has-post-thumbnail","6":"product_cat-infantiles","7":"product_cat-animalesynaturaleza-infantiles","8":"product_cat-todo","9":"product_tag-amarillo","10":"product_tag-animales","11":"product_tag-animalitos","12":"product_tag-ardilla","13":"product_tag-beba","14":"product_tag-bebe","15":"product_tag-caracola","16":"product_tag-hojas","17":"product_tag-marron","18":"product_tag-otono","20":"first","21":"instock","22":"featured","23":"shipping-taxable","24":"purchasable","25":"product-type-variable"},"_links":{"self":[{"href":"https:\/\/tumarquito.com\/index.php?rest_route=\/wp\/v2\/product\/45148","targetHints":{"allow":["GET"]}}],"collection":[{"href":"https:\/\/tumarquito.com\/index.php?rest_route=\/wp\/v2\/product"}],"about":[{"href":"https:\/\/tumarquito.com\/index.php?rest_route=\/wp\/v2\/types\/product"}],"replies":[{"embeddable":true,"href":"https:\/\/tumarquito.com\/index.php?rest_route=%2Fwp%2Fv2%2Fcomments&post=45148"}],"wp:featuredmedia":[{"embeddable":true,"href":"https:\/\/tumarquito.com\/index.php?rest_route=\/wp\/v2\/media\/45085"}],"wp:attachment":[{"href":"https:\/\/tumarquito.com\/index.php?rest_route=%2Fwp%2Fv2%2Fmedia&parent=45148"}],"curies":[{"name":"wp","href":"https:\/\/api.w.org\/{rel}","templated":true}]}}