{"id":35788,"date":"2020-06-26T22:56:41","date_gmt":"2020-06-27T01:56:41","guid":{"rendered":"http:\/\/localhost:8888\/tumarquito\/?product=import-placeholder-for-a-ciudad-planisferio3-000000"},"modified":"2023-09-07T14:00:37","modified_gmt":"2023-09-07T17:00:37","slug":"planisferio-3","status":"publish","type":"product","link":"https:\/\/tumarquito.com\/?product=planisferio-3","title":{"rendered":"Planisferio 3"},"content":{"rendered":"<p>1 Marco   1 L\u00e1mina   1 Vidrio   1 Gancho<br \/>\nEn la descripci\u00f3n de color &#8220;Natural&#8221; pod\u00e9s elegir: 1) Madera al natural<br \/>\nEn la descripci\u00f3n de color &#8220;A Elecci\u00f3n&#8221; pod\u00e9s elegir: 1) Negro \u00f3 2) Blanco<br \/>\nanimal, animales, blanco, city, ciudad, colores, fauna, flora, linea, mapa, mares, naturaleza, negro, paises, pasaporte, planisferio, sintesis, travel, viajar, viaje<\/p>\n","protected":false},"excerpt":{"rendered":"<p>1 Marco   1 L\u00e1mina   1 Vidrio   1 Gancho<\/p>\n","protected":false},"featured_media":28507,"comment_status":"open","ping_status":"closed","template":"","meta":[],"class_list":{"0":"post-35788","1":"product","2":"type-product","3":"status-publish","4":"has-post-thumbnail","6":"product_cat-adultos","7":"product_cat-ciudadesyotros","8":"product_cat-todo","9":"product_tag-animal","10":"product_tag-animales","11":"product_tag-blanco","12":"product_tag-city","13":"product_tag-ciudad","14":"product_tag-colores","15":"product_tag-fauna","16":"product_tag-flora","17":"product_tag-linea","18":"product_tag-mapa","19":"product_tag-mares","20":"product_tag-naturaleza","21":"product_tag-negro","22":"product_tag-paises","23":"product_tag-pasaporte","24":"product_tag-planisferio","25":"product_tag-sintesis","26":"product_tag-travel","27":"product_tag-viajar","28":"product_tag-viaje","30":"first","31":"instock","32":"shipping-taxable","33":"purchasable","34":"product-type-variable"},"_links":{"self":[{"href":"https:\/\/tumarquito.com\/index.php?rest_route=\/wp\/v2\/product\/35788","targetHints":{"allow":["GET"]}}],"collection":[{"href":"https:\/\/tumarquito.com\/index.php?rest_route=\/wp\/v2\/product"}],"about":[{"href":"https:\/\/tumarquito.com\/index.php?rest_route=\/wp\/v2\/types\/product"}],"replies":[{"embeddable":true,"href":"https:\/\/tumarquito.com\/index.php?rest_route=%2Fwp%2Fv2%2Fcomments&post=35788"}],"wp:featuredmedia":[{"embeddable":true,"href":"https:\/\/tumarquito.com\/index.php?rest_route=\/wp\/v2\/media\/28507"}],"wp:attachment":[{"href":"https:\/\/tumarquito.com\/index.php?rest_route=%2Fwp%2Fv2%2Fmedia&parent=35788"}],"curies":[{"name":"wp","href":"https:\/\/api.w.org\/{rel}","templated":true}]}}