{"id":35508,"date":"2020-06-26T22:55:34","date_gmt":"2020-06-27T01:55:34","guid":{"rendered":"http:\/\/localhost:8888\/tumarquito\/?product=import-placeholder-for-a-ciudad-bsas-000000"},"modified":"2023-09-07T13:59:40","modified_gmt":"2023-09-07T16:59:40","slug":"bs-as","status":"publish","type":"product","link":"https:\/\/tumarquito.com\/?product=bs-as","title":{"rendered":"Bs As"},"content":{"rendered":"<p>1 Marco   1 L\u00e1mina   1 Vidrio   1 Gancho<br \/>\nEn la descripci\u00f3n de color &#8220;Natural&#8221; pod\u00e9s elegir: 1) Madera al natural<br \/>\nEn la descripci\u00f3n de color &#8220;A Elecci\u00f3n&#8221; pod\u00e9s elegir: 1) Negro \u00f3 2) Blanco<br \/>\nargentina, barrios, belgrano, capital federal, ciudad autonoma de buenos aires, ciudad buenos aires, flores, floresta, mapa, palermo, provincia de buenos aires<\/p>\n","protected":false},"excerpt":{"rendered":"<p>1 Marco   1 L\u00e1mina   1 Vidrio   1 Gancho<\/p>\n","protected":false},"featured_media":28499,"comment_status":"open","ping_status":"closed","template":"","meta":[],"class_list":{"0":"post-35508","1":"product","2":"type-product","3":"status-publish","4":"has-post-thumbnail","6":"product_cat-adultos","7":"product_cat-ciudadesyotros","8":"product_cat-todo","9":"product_tag-argentina","10":"product_tag-barrios","11":"product_tag-belgrano","12":"product_tag-capital-federal","13":"product_tag-ciudad-autonoma-de-buenos-aires","14":"product_tag-ciudad-buenos-aires","15":"product_tag-flores","16":"product_tag-floresta","17":"product_tag-mapa","18":"product_tag-palermo","19":"product_tag-provincia-de-buenos-aires","21":"first","22":"instock","23":"featured","24":"shipping-taxable","25":"purchasable","26":"product-type-variable"},"_links":{"self":[{"href":"https:\/\/tumarquito.com\/index.php?rest_route=\/wp\/v2\/product\/35508","targetHints":{"allow":["GET"]}}],"collection":[{"href":"https:\/\/tumarquito.com\/index.php?rest_route=\/wp\/v2\/product"}],"about":[{"href":"https:\/\/tumarquito.com\/index.php?rest_route=\/wp\/v2\/types\/product"}],"replies":[{"embeddable":true,"href":"https:\/\/tumarquito.com\/index.php?rest_route=%2Fwp%2Fv2%2Fcomments&post=35508"}],"wp:featuredmedia":[{"embeddable":true,"href":"https:\/\/tumarquito.com\/index.php?rest_route=\/wp\/v2\/media\/28499"}],"wp:attachment":[{"href":"https:\/\/tumarquito.com\/index.php?rest_route=%2Fwp%2Fv2%2Fmedia&parent=35508"}],"curies":[{"name":"wp","href":"https:\/\/api.w.org\/{rel}","templated":true}]}}